st common factor of u and v?
4
Let l be 22 - (-3)/(-3) - 1. Let j = -10 + 15. Calculate the highest common factor of l and j.
5
Suppose 3*x - 26 + 11 = 0, 0 = 3*p - 4*x - 409. Suppose 3*h = -h. Suppose -l + 6*l - 65 = h. What is the highest common factor of p and l?
13
Let z = 4 + 10. Suppose m - 111 = 1. Calculate the highest common factor of z and m.
14
Let b be (-3)/(-1 - 2)*-213. Let x be 1/2 + b/(-6). Calculate the greatest common divisor of x and 90.
18
Suppose -4*z = -6*z + 108. Let k(l) = 20*l - 2. Let h be k(1). Let p = 0 + h. What is the highest common factor of z and p?
18
Let j(h) = 2*h**2 - 11*h + 12. Let g be j(6). Calculate the highest common factor of g and 162.
18
Let i be 2/1*(-9)/(-6). Suppose -3*c + i = -24. Let o(b) = 36*b. Let a be o(1). Calculate the highest common factor of c and a.
9
Suppose 0 = -k + 2*k - h - 585, 4*k = 5*h + 2336. Let j = 412 - k. Let c = j - -254. Calculate the highest common factor of 7 and c.
7
Suppose 45*q + 56 = 46*q. Calculate the greatest common divisor of 7 and q.
7
Suppose 2*z - 16 = -2*z. Suppose -22 = -z*s + 122. Let k(i) = -i**2 - i + 9. Let o be k(0). Calculate the highest common factor of s and o.
9
Suppose 0 = 2*y - 7*y - 15, -y = 3*c - 141. Suppose 3*n + 20 + 25 = 0. Let b be (-4)/10 + (-186)/n. Calculate the highest common factor of c and b.
12
Suppose -67 = 8*k - 179. Calculate the greatest common divisor of 112 and k.
14
Let w(f) = 2*f**2 + 4*f - 2. Let q be w(-4). Let b(c) = 11*c + 1. Let y be b(5). What is the greatest common divisor of y and q?
14
Let o be ((-544)/85)/((-4)/10). What is the greatest common divisor of o and 80?
16
Suppose z = -0*a + a - 2, -1 = 2*z - 3*a. Let f = z - -9. Suppose f = 3*s + s. Calculate the greatest common divisor of s and 1.
1
Suppose 98 = 5*w + 38. Let j = 60 - 36. Calculate the greatest common divisor of j and w.
12
Let k(z) = 17*z**2 + 3*z + z - 3*z. Let m be k(2). Calculate the highest common divisor of m and 10.
10
Suppose -3*b + b = 0. Suppose -h - c + 39 = b, -4*c + 121 = -2*h + 5*h. Calculate the highest common factor of 7 and h.
7
Let g(j) = 6*j**2 + 6*j + 8. Let x(z) = -7*z**2 - 7*z - 9. Let u(k) = 5*g(k) + 4*x(k). Let l be u(-7). Calculate the greatest common factor of l and 11.
11
Suppose 112 = 2*j + 2*j. Let d(y) = -y - 1. Let z be d(1). Let o be j + 0 + z/2. Calculate the greatest common divisor of o and 18.
9
Let z be ((-2)/7)/((-18)/63). Suppose -2*p + 4*p + 39 = 5*q, -17 = -3*q - 2*p. What is the highest common factor of z and q?
1
Suppose 30 = b - 2*s, 43*b - 3*s - 150 = 38*b. Let v be 6 + 0/(1 + 1). What is the greatest common factor of v and b?
6
Suppose 3*x = -6*x + 1080. Let y be (-24)/((-3)/(-3)*-1). Calculate the highest common factor of y and x.
24
Let s = 131 + -104. Calculate the highest common divisor of s and 72.
9
Suppose -n - 2 = -4. Let v = 33 - 11. What is the greatest common factor of v and n?
2
Suppose -2*l = -4*c - 4*l + 58, 61 = 4*c + 5*l. Let j be (0 + 3/(-6))*c. Let h = j + 19. What is the highest common divisor of 4 and h?
4
Let z(q) = -q**3 + 4*q**2 + 6*q - 1. Let c be z(4). Calculate the highest common factor of 46 and c.
23
Let z(s) = 23*s**2 - 4*s + 1. Let q be z(-3). Calculate the highest common divisor of 20 and q.
20
Let p = 3 + -3. Suppose i + p*i - 41 = 0. Let m = i + -25. Calculate the highest common factor of 128 and m.
16
Suppose -2*x = -7*x - 190. Let i = x - -110. Let n(p) = p**3 + 4*p**2 - 7*p - 2. Let f be n(-5). Calculate the highest common divisor of i and f.
8
Let y(u) = u + 9. Let w be y(-7). Suppose w*t - t = 30. Calculate the greatest common factor of 75 and t.
15
Suppose 2*l + 4*a - 31 = -3*l, -4 = -a. Suppose -l*y = 2*y - 75. What is the highest common factor of 60 and y?
15
Let q be ((-65)/2)/(-5)*2. What is the greatest common divisor of 91 and q?
13
Let r = -86 - -177. Let c = 56 + -95. Let i be c*((-8)/(-6))/(-4). What is the highest common factor of r and i?
13
Suppose -3*g = -2*g - 2. Let z = -14 - -15. Let b(f) = 21*f**2 + f. Let h be b(z). Calculate the greatest common divisor of g and h.
2
Let c = 8 - 4. Suppose 15 = 2*n - 5. Calculate the greatest common factor of c and n.
2
Suppose 4*g - 3*g - 50 = 0. Calculate the highest common factor of g and 20.
10
Suppose 4*a - 5 - 7 = 0. Calculate the highest common divisor of a and 21.
3
Let x = -30 - -49. What is the highest common factor of x and 95?
19
Let f be ((-25)/(-5) + -12)/(-1). Calculate the highest common factor of 1 and f.
1
Let s be (5 + -6)*(-6)/2. Let b(t) = 18*t. Let k be (2 + 1/(-1))*1. Let v be b(k). Calculate the highest common divisor of s and v.
3
Let d = 28 + 6. What is the highest common factor of d and 17?
17
Suppose 0 = 4*l + 5*y - 36, 4*y = -l - 2*l + 28. Suppose 0 = l*f - 9 - 15. What is the greatest common divisor of 3 and f?
3
Suppose -4*z - 50 = -5*n, -6*z + 20 = 2*n - z. Let c = 12 - 2. Calculate the highest common factor of c and n.
10
Suppose -2*s = h - 24, -5*h - 8 + 44 = 4*s. Let m = 23 - s. What is the highest common factor of m and 99?
9
Suppose 0 = v + p - 9, 0 = v + 2*v - 3*p - 27. Suppose l = -2*l + v. Calculate the greatest common factor of l and 21.
3
Suppose -6 = -5*s + 84. Suppose -20 = -3*d - 0*n - n, 4*d + 3*n = 30. What is the greatest common factor of d and s?
6
Let v be (-2)/(-10)*113 - (-92)/230. What is the greatest common factor of v and 1?
1
Let v(b) = b**3 + 3*b**2 - 17*b + 7. Let n be v(-6). Suppose -q + 0*q = -11. Calculate the highest common divisor of q and n.
1
Suppose -4*m + 71 = -l - 153, 5*l = -4*m + 224. Suppose -27 = -3*j + 15. What is the greatest common divisor of j and m?
14
Let n = -15 - -135. Suppose -w + n = -4*k, 3*w - 4*k - 327 = -3*k. Calculate the greatest common divisor of w and 12.
12
Let j be 1515/10 + 2/4. Calculate the greatest common divisor of j and 19.
19
Suppose -4*j + 51 = -1349. Calculate the highest common factor of 50 and j.
50
Let r(l) = 3 + 116*l**2 + 2*l**2 - 4. Let m be r(1). Let g be (-4)/10 - 3819/(-285). What is the greatest common divisor of g and m?
13
Suppose 6*g - 2*g = 0. Suppose -2*c - 2*z + 2 = 0, g*c + 3*c - 38 = 4*z. Let i be -2*(-3)/c + 14. What is the highest common divisor of i and 60?
15
Suppose -2 = -r + 4. Suppose 3*i + 2 = 5*c, -i = -3*c + 4 - r. Let w be (23/(-3))/(c/6). Calculate the greatest common divisor of 253 and w.
23
Let l be (-86 + 2)*-1 + 1. What is the greatest common divisor of 17 and l?
17
Suppose -l - 2*l = -42. Suppose -3*p + 19 = -l. Let w(h) = 19*h + 1. Let r be w(4). What is the greatest common factor of r and p?
11
Let x be 4/(-12) + (-25)/(-3). Let d be 6/(-9)*-1*12. What is the greatest common divisor of x and d?
8
Let r = 32 - 26. What is the greatest common factor of 42 and r?
6
Let t be 5/(10/(-4))*55/(-11). What is the greatest common factor of t and 4?
2
Let u = -10 - -15. Suppose -264 = -2*r - q, -2*r - u*q = 3*r - 655. Let w be 150/8 - 2/(-8). What is the highest common factor of w and r?
19
Let z(m) = 2*m**2 + 3*m + 2. Let y be z(-2). Suppose 0*d - 56 = -2*d. What is the greatest common divisor of d and y?
4
Suppose -3*r - 60 = -8*r. Let o be (-30)/10 - (-7 - -1). Suppose -o*m + 67 - 13 = 0. Calculate the greatest common factor of m and r.
6
Let k(s) = -s**2 + 5*s + 3. Let n be k(-5). Let f = 178 - n. Calculate the highest common divisor of f and 25.
25
Let d be 6/8*(2 - -126). Calculate the highest common divisor of 12 and d.
12
Suppose -100 = -4*n + s, -5*n - 39 = 2*s - 164. Let k = 1 + n. What is the greatest common divisor of k and 13?
13
Suppose -3*j - 4*p = -18, -4*j + 2*p = -3 + 1. Suppose j*m - m = 11. Let g = 87 - -12. Calculate the highest common divisor of g and m.
11
Let i = -28 + 84. What is the highest common factor of 14 and i?
14
Let g = 20 - 14. Let t(a) = -a + 4. Let q be t(g). Let f = q + 9. What is the greatest common factor of f and 14?
7
Let s(k) = 2 - 4 + 3*k - 13. Let u(y) = -y**2 + 11. Let h be u(0). Let c be s(h). What is the greatest common divisor of c and 27?
9
Let u(k) = k**3 - 8*k**2 - 6. Let s be u(8). Let g be (5*-6)/(2/s). What is the greatest common factor of 36 and g?
18
Let g(y) be the second derivative of -y**5/20 - 3*y**4/4 + 4*y**3/3 - 2*y**2 - y. Let p be g(-10). What is the greatest common divisor of 2 and p?
2
Suppose 5*f = -0*f + 115. Calculate th